{"id":1151,"date":"2025-07-04T09:14:04","date_gmt":"2025-07-04T09:14:04","guid":{"rendered":"https:\/\/xn--dnm-hoaab6v.com\/?page_id=1151"},"modified":"2025-07-04T09:22:18","modified_gmt":"2025-07-04T09:22:18","slug":"esbalife-estetik-v-i-p","status":"publish","type":"page","link":"https:\/\/xn--dnm-hoaab6v.com\/index.php\/esbalife-estetik-v-i-p\/","title":{"rendered":"EsbaLife Estetik v.i.p"},"content":{"rendered":"\t\t<div data-elementor-type=\"wp-page\" data-elementor-id=\"1151\" class=\"elementor elementor-1151\">\n\t\t\t\t<div class=\"elementor-element elementor-element-9745f36 e-flex e-con-boxed e-con e-parent\" data-id=\"9745f36\" data-element_type=\"container\">\n\t\t\t\t\t<div class=\"e-con-inner\">\n\t\t<div class=\"elementor-element elementor-element-77d4fdf e-con-full e-flex e-con e-child\" data-id=\"77d4fdf\" data-element_type=\"container\">\n\t\t<div class=\"elementor-element elementor-element-c84f665 e-con-full e-flex e-con e-child\" data-id=\"c84f665\" data-element_type=\"container\">\n\t\t\t\t<div class=\"elementor-element elementor-element-02f46cb the-title-center elementor-widget elementor-widget-pesta-head-title\" data-id=\"02f46cb\" data-element_type=\"widget\" data-widget_type=\"pesta-head-title.default\">\n\t\t\t\t<div class=\"elementor-widget-container\">\n\t\t\t\t\t<div class=\"head-title head-title-8 clearfix\">\r\n\t<h1 class=\"the-title elementor-inline-editing\" >\r\n\t\tEsbaLife Estetik\t<\/h1>\r\n\t<\/div>\r\n\t\t\t\t\t\t<\/div>\n\t\t\t\t<\/div>\n\t\t\t\t<\/div>\n\t\t\t\t<\/div>\n\t\t\t\t\t<\/div>\n\t\t\t\t<\/div>\n\t\t<div class=\"elementor-element elementor-element-7b6f016 e-flex e-con-boxed e-con e-parent\" data-id=\"7b6f016\" data-element_type=\"container\">\n\t\t\t\t\t<div class=\"e-con-inner\">\n\t\t<div class=\"elementor-element elementor-element-e41c7c5 e-con-full e-flex e-con e-child\" data-id=\"e41c7c5\" data-element_type=\"container\">\n\t\t<div class=\"elementor-element elementor-element-027bf9a e-con-full e-flex e-con e-child\" data-id=\"027bf9a\" data-element_type=\"container\">\n\t\t<div class=\"elementor-element elementor-element-43d928e e-con-full e-flex e-con e-child\" data-id=\"43d928e\" data-element_type=\"container\">\n\t\t\t\t<div class=\"elementor-element elementor-element-08ddd09 elementor-widget elementor-widget-pesta-text\" data-id=\"08ddd09\" data-element_type=\"widget\" data-widget_type=\"pesta-text.default\">\n\t\t\t\t<div class=\"elementor-widget-container\">\n\t\t\t\t\t<div class=\"pesta-text clearfix\">\r\n<p>D\u00fc\u011f\u00fcne Dair Her \u015eey Tek \u00c7at\u0131 Alt\u0131nda!<\/p><\/div>\t\t\t\t<\/div>\n\t\t\t\t<\/div>\n\t\t\t\t<\/div>\n\t\t\t\t<\/div>\n\t\t\t\t<\/div>\n\t\t\t\t\t<\/div>\n\t\t\t\t<\/div>\n\t\t<div class=\"elementor-element elementor-element-530f2e3 e-flex e-con-boxed e-con e-parent\" data-id=\"530f2e3\" data-element_type=\"container\">\n\t\t\t\t\t<div class=\"e-con-inner\">\n\t\t<div class=\"elementor-element elementor-element-bf1586e e-con-full e-flex e-con e-child\" data-id=\"bf1586e\" data-element_type=\"container\">\n\t\t<div class=\"elementor-element elementor-element-d4e876f e-con-full e-flex e-con e-child\" data-id=\"d4e876f\" data-element_type=\"container\">\n\t\t<div class=\"elementor-element elementor-element-98eba2b e-grid e-con-full e-con e-child\" data-id=\"98eba2b\" data-element_type=\"container\">\n\t\t\t\t<div class=\"elementor-element elementor-element-9923cda elementor-widget elementor-widget-image\" data-id=\"9923cda\" data-element_type=\"widget\" data-widget_type=\"image.default\">\n\t\t\t\t\t\t\t\t\t\t\t\t\t\t\t<img fetchpriority=\"high\" decoding=\"async\" width=\"300\" height=\"300\" src=\"https:\/\/xn--dnm-hoaab6v.com\/wp-content\/uploads\/2025\/07\/Adsiz-tasarim-9-300x300.png\" class=\"attachment-medium size-medium wp-image-1154\" alt=\"\" srcset=\"https:\/\/xn--dnm-hoaab6v.com\/wp-content\/uploads\/2025\/07\/Adsiz-tasarim-9-300x300.png 300w, https:\/\/xn--dnm-hoaab6v.com\/wp-content\/uploads\/2025\/07\/Adsiz-tasarim-9-150x150.png 150w, https:\/\/xn--dnm-hoaab6v.com\/wp-content\/uploads\/2025\/07\/Adsiz-tasarim-9-100x100.png 100w, https:\/\/xn--dnm-hoaab6v.com\/wp-content\/uploads\/2025\/07\/Adsiz-tasarim-9-80x80.png 80w, https:\/\/xn--dnm-hoaab6v.com\/wp-content\/uploads\/2025\/07\/Adsiz-tasarim-9-263x263.png 263w, https:\/\/xn--dnm-hoaab6v.com\/wp-content\/uploads\/2025\/07\/Adsiz-tasarim-9.png 500w\" sizes=\"(max-width: 300px) 100vw, 300px\" \/>\t\t\t\t\t\t\t\t\t\t\t\t\t\t\t<\/div>\n\t\t\t\t<div class=\"elementor-element elementor-element-cab3db9 elementor-widget elementor-widget-heading\" data-id=\"cab3db9\" data-element_type=\"widget\" data-widget_type=\"heading.default\">\n\t\t\t\t\t<h2 class=\"elementor-heading-title elementor-size-default\"><p><strong>EsbaLife Estetik K\u00fctahya<\/strong>, g\u00fczelli\u011finizi \u00f6n plana \u00e7\u0131karan profesyonel estetik \u00e7\u00f6z\u00fcmler sunar.<br>\nUzman kadrosu ve modern teknolojisiyle sa\u011fl\u0131kl\u0131, do\u011fal ve gen\u00e7 bir g\u00f6r\u00fcn\u00fcm hedefler.<br>\nKi\u015fiye \u00f6zel bak\u0131m programlar\u0131yla kendinizi her zaman en iyi hissedin.<br>\nK\u00fctahya\u2019da estetik ve bak\u0131mda g\u00fcvenin adresi: EsbaLife Estetik.<\/p>\n<\/h2>\t\t\t\t<\/div>\n\t\t\t\t<\/div>\n\t\t\t\t<\/div>\n\t\t\t\t<\/div>\n\t\t\t\t\t<\/div>\n\t\t\t\t<\/div>\n\t\t<div class=\"elementor-element elementor-element-10c6dbf e-flex e-con-boxed e-con e-parent\" data-id=\"10c6dbf\" data-element_type=\"container\">\n\t\t\t\t\t<div class=\"e-con-inner\">\n\t\t<div class=\"elementor-element elementor-element-9264d0d e-con-full e-flex e-con e-child\" data-id=\"9264d0d\" data-element_type=\"container\">\n\t\t<div class=\"elementor-element elementor-element-de91f98 e-grid e-con-full e-con e-child\" data-id=\"de91f98\" data-element_type=\"container\">\n\t\t<div class=\"elementor-element elementor-element-a36c9be e-con-full e-flex e-con e-child\" data-id=\"a36c9be\" data-element_type=\"container\">\n\t\t\t\t<div class=\"elementor-element elementor-element-bee54f8 elementor-widget elementor-widget-google_maps\" data-id=\"bee54f8\" data-element_type=\"widget\" data-widget_type=\"google_maps.default\">\n\t\t\t\t\t\t\t<div class=\"elementor-custom-embed\">\n\t\t\t<iframe loading=\"lazy\"\n\t\t\t\t\tsrc=\"https:\/\/maps.google.com\/maps?q=Alipa%C5%9Fa%20Mahallesi%20Fatih%20Sultan%20Mehmet%20Bulvar%C4%B1%20Ya%C4%9Fman%20%C4%B0%C5%9F%20Merkezi%2C%20No.%3A18%20%2F%203%2C%20K%C3%BCtahya&#038;t=m&#038;z=8&#038;output=embed&#038;iwloc=near\"\n\t\t\t\t\ttitle=\"Alipa\u015fa Mahallesi Fatih Sultan Mehmet Bulvar\u0131 Ya\u011fman \u0130\u015f Merkezi, No.:18 \/ 3, K\u00fctahya\"\n\t\t\t\t\taria-label=\"Alipa\u015fa Mahallesi Fatih Sultan Mehmet Bulvar\u0131 Ya\u011fman \u0130\u015f Merkezi, No.:18 \/ 3, K\u00fctahya\"\n\t\t\t><\/iframe>\n\t\t<\/div>\n\t\t\t\t\t\t<\/div>\n\t\t\t\t<\/div>\n\t\t<div class=\"elementor-element elementor-element-ccbd81a e-con-full e-flex e-con e-child\" data-id=\"ccbd81a\" data-element_type=\"container\">\n\t\t\t\t<div class=\"elementor-element elementor-element-998cc1d the-title-center elementor-widget elementor-widget-pesta-head-title\" data-id=\"998cc1d\" data-element_type=\"widget\" data-widget_type=\"pesta-head-title.default\">\n\t\t\t\t<div class=\"elementor-widget-container\">\n\t\t\t\t\t<div class=\"head-title head-title-2 clearfix\">\r\n\t<h2 class=\"the-title elementor-inline-editing\" >\r\n\t\t\t\t\u0130leti\u015fim Bilgileri\t<\/h2>\r\n<\/div>\r\n\t\t\t\t\t\t<\/div>\n\t\t\t\t<\/div>\n\t\t\t\t<div class=\"elementor-element elementor-element-ad90adf elementor-widget elementor-widget-pesta-text\" data-id=\"ad90adf\" data-element_type=\"widget\" data-widget_type=\"pesta-text.default\">\n\t\t\t\t<div class=\"elementor-widget-container\">\n\t\t\t\t\t<div class=\"pesta-text clearfix\">\r\n<h4>Hayallerinle ileti\u015fime ge\u00e7meye haz\u0131r m\u0131s\u0131n?<\/h4><\/div>\t\t\t\t<\/div>\n\t\t\t\t<\/div>\n\t\t\t\t<div class=\"elementor-element elementor-element-7733928 elementor-vertical-align-top elementor-widget elementor-widget-image-box\" data-id=\"7733928\" data-element_type=\"widget\" data-widget_type=\"image-box.default\">\n\t\t\t\t\t<div class=\"elementor-image-box-wrapper\"><div class=\"elementor-image-box-content\"><h3 class=\"elementor-image-box-title\"><a href=\"\">Telefon:<\/a><\/h3><p class=\"elementor-image-box-description\">+90 543 274 37 22\n<\/p><\/div><\/div>\t\t\t\t<\/div>\n\t\t\t\t<div class=\"elementor-element elementor-element-5f928d0 elementor-vertical-align-top elementor-widget elementor-widget-image-box\" data-id=\"5f928d0\" data-element_type=\"widget\" data-widget_type=\"image-box.default\">\n\t\t\t\t\t<div class=\"elementor-image-box-wrapper\"><div class=\"elementor-image-box-content\"><h3 class=\"elementor-image-box-title\"><a href=\"https:\/\/www.instagram.com\/esbalife.estetik.v.i.p.kutahya\/?hl=en\" target=\"_blank\">Sosyal Medya:<\/a><\/h3><p class=\"elementor-image-box-description\">esbalife.estetik.v.i.p.kutahya<\/p><\/div><\/div>\t\t\t\t<\/div>\n\t\t\t\t<div class=\"elementor-element elementor-element-ac77130 elementor-vertical-align-top elementor-widget elementor-widget-image-box\" data-id=\"ac77130\" data-element_type=\"widget\" data-widget_type=\"image-box.default\">\n\t\t\t\t\t<div class=\"elementor-image-box-wrapper\"><div class=\"elementor-image-box-content\"><h3 class=\"elementor-image-box-title\"><a href=\"\">Adres:<\/a><\/h3><p class=\"elementor-image-box-description\">Alipa\u015fa Mahallesi Fatih Sultan Mehmet Bulvar\u0131 Ya\u011fman \u0130\u015f Merkezi, No.:18 \/ 3, K\u00fctahya<\/p><\/div><\/div>\t\t\t\t<\/div>\n\t\t\t\t<\/div>\n\t\t\t\t<\/div>\n\t\t\t\t<\/div>\n\t\t\t\t\t<\/div>\n\t\t\t\t<\/div>\n\t\t<div class=\"elementor-element elementor-element-b6e7993 e-flex e-con-boxed e-con e-parent\" data-id=\"b6e7993\" data-element_type=\"container\">\n\t\t\t\t\t<div class=\"e-con-inner\">\n\t\t\t\t<div class=\"elementor-element elementor-element-8574a4a elementor-widget elementor-widget-image-gallery\" data-id=\"8574a4a\" data-element_type=\"widget\" data-widget_type=\"image-gallery.default\">\n\t\t\t\t\t\t\t<div class=\"elementor-image-gallery\">\n\t\t\t<div id='gallery-1' class='gallery galleryid-1151 gallery-columns-2 gallery-size-full'><figure class='gallery-item'>\n\t\t\t<div class='gallery-icon landscape'>\n\t\t\t\t<a data-elementor-open-lightbox=\"yes\" data-elementor-lightbox-slideshow=\"8574a4a\" data-elementor-lightbox-title=\"2021-12-11\" data-e-action-hash=\"#elementor-action%3Aaction%3Dlightbox%26settings%3DeyJpZCI6MTE1NSwidXJsIjoiaHR0cHM6XC9cL3huLS1kbm0taG9hYWI2di5jb21cL3dwLWNvbnRlbnRcL3VwbG9hZHNcLzIwMjVcLzA3XC8yMDIxLTEyLTExLndlYnAiLCJzbGlkZXNob3ciOiI4NTc0YTRhIn0%3D\" href='https:\/\/xn--dnm-hoaab6v.com\/wp-content\/uploads\/2025\/07\/2021-12-11.webp'><img decoding=\"async\" width=\"1360\" height=\"1020\" src=\"https:\/\/xn--dnm-hoaab6v.com\/wp-content\/uploads\/2025\/07\/2021-12-11.webp\" class=\"attachment-full size-full\" alt=\"\" srcset=\"https:\/\/xn--dnm-hoaab6v.com\/wp-content\/uploads\/2025\/07\/2021-12-11.webp 1360w, https:\/\/xn--dnm-hoaab6v.com\/wp-content\/uploads\/2025\/07\/2021-12-11-300x225.webp 300w, https:\/\/xn--dnm-hoaab6v.com\/wp-content\/uploads\/2025\/07\/2021-12-11-1024x768.webp 1024w, https:\/\/xn--dnm-hoaab6v.com\/wp-content\/uploads\/2025\/07\/2021-12-11-768x576.webp 768w, https:\/\/xn--dnm-hoaab6v.com\/wp-content\/uploads\/2025\/07\/2021-12-11-202x152.webp 202w\" sizes=\"(max-width: 1360px) 100vw, 1360px\" \/><\/a>\n\t\t\t<\/div><\/figure><figure class='gallery-item'>\n\t\t\t<div class='gallery-icon portrait'>\n\t\t\t\t<a data-elementor-open-lightbox=\"yes\" data-elementor-lightbox-slideshow=\"8574a4a\" data-elementor-lightbox-title=\"unnamed\" data-e-action-hash=\"#elementor-action%3Aaction%3Dlightbox%26settings%3DeyJpZCI6MTE1NiwidXJsIjoiaHR0cHM6XC9cL3huLS1kbm0taG9hYWI2di5jb21cL3dwLWNvbnRlbnRcL3VwbG9hZHNcLzIwMjVcLzA3XC91bm5hbWVkLTEud2VicCIsInNsaWRlc2hvdyI6Ijg1NzRhNGEifQ%3D%3D\" href='https:\/\/xn--dnm-hoaab6v.com\/wp-content\/uploads\/2025\/07\/unnamed-1.webp'><img decoding=\"async\" width=\"765\" height=\"1020\" src=\"https:\/\/xn--dnm-hoaab6v.com\/wp-content\/uploads\/2025\/07\/unnamed-1.webp\" class=\"attachment-full size-full\" alt=\"\" srcset=\"https:\/\/xn--dnm-hoaab6v.com\/wp-content\/uploads\/2025\/07\/unnamed-1.webp 765w, https:\/\/xn--dnm-hoaab6v.com\/wp-content\/uploads\/2025\/07\/unnamed-1-225x300.webp 225w\" sizes=\"(max-width: 765px) 100vw, 765px\" \/><\/a>\n\t\t\t<\/div><\/figure>\n\t\t<\/div>\n\t\t<\/div>\n\t\t\t\t\t\t<\/div>\n\t\t\t\t\t<\/div>\n\t\t\t\t<\/div>\n\t\t\t\t<\/div>\n\t\t","protected":false},"excerpt":{"rendered":"<p>EsbaLife Estetik K\u00fctahya, g\u00fczelli\u011finizi \u00f6n plana \u00e7\u0131karan profesyonel estetik \u00e7\u00f6z\u00fcmler sunar. Uzman kadrosu ve modern teknolojisiyle sa\u011fl\u0131kl\u0131, do\u011fal ve gen\u00e7&#8230;<\/p>\n","protected":false},"author":1,"featured_media":0,"parent":0,"menu_order":0,"comment_status":"closed","ping_status":"closed","template":"template\/page-builder-template.php","meta":{"footnotes":""},"class_list":["post-1151","page","type-page","status-publish","hentry","blog-item no-thumb clearfix"],"acf":[],"_links":{"self":[{"href":"https:\/\/xn--dnm-hoaab6v.com\/index.php\/wp-json\/wp\/v2\/pages\/1151","targetHints":{"allow":["GET"]}}],"collection":[{"href":"https:\/\/xn--dnm-hoaab6v.com\/index.php\/wp-json\/wp\/v2\/pages"}],"about":[{"href":"https:\/\/xn--dnm-hoaab6v.com\/index.php\/wp-json\/wp\/v2\/types\/page"}],"author":[{"embeddable":true,"href":"https:\/\/xn--dnm-hoaab6v.com\/index.php\/wp-json\/wp\/v2\/users\/1"}],"replies":[{"embeddable":true,"href":"https:\/\/xn--dnm-hoaab6v.com\/index.php\/wp-json\/wp\/v2\/comments?post=1151"}],"version-history":[{"count":4,"href":"https:\/\/xn--dnm-hoaab6v.com\/index.php\/wp-json\/wp\/v2\/pages\/1151\/revisions"}],"predecessor-version":[{"id":1159,"href":"https:\/\/xn--dnm-hoaab6v.com\/index.php\/wp-json\/wp\/v2\/pages\/1151\/revisions\/1159"}],"wp:attachment":[{"href":"https:\/\/xn--dnm-hoaab6v.com\/index.php\/wp-json\/wp\/v2\/media?parent=1151"}],"curies":[{"name":"wp","href":"https:\/\/api.w.org\/{rel}","templated":true}]}}