{"id":1141,"date":"2025-07-04T08:59:49","date_gmt":"2025-07-04T08:59:49","guid":{"rendered":"https:\/\/xn--dnm-hoaab6v.com\/?page_id=1141"},"modified":"2025-07-04T09:10:00","modified_gmt":"2025-07-04T09:10:00","slug":"kent-davet-evi","status":"publish","type":"page","link":"https:\/\/xn--dnm-hoaab6v.com\/index.php\/kent-davet-evi\/","title":{"rendered":"Kent Davet Evi"},"content":{"rendered":"\t\t<div data-elementor-type=\"wp-page\" data-elementor-id=\"1141\" class=\"elementor elementor-1141\">\n\t\t\t\t<div class=\"elementor-element elementor-element-4269b19 e-flex e-con-boxed e-con e-parent\" data-id=\"4269b19\" data-element_type=\"container\">\n\t\t\t\t\t<div class=\"e-con-inner\">\n\t\t<div class=\"elementor-element elementor-element-16a5688 e-con-full e-flex e-con e-child\" data-id=\"16a5688\" data-element_type=\"container\">\n\t\t<div class=\"elementor-element elementor-element-d1381c9 e-con-full e-flex e-con e-child\" data-id=\"d1381c9\" data-element_type=\"container\">\n\t\t\t\t<div class=\"elementor-element elementor-element-77895c5 the-title-center elementor-widget elementor-widget-pesta-head-title\" data-id=\"77895c5\" data-element_type=\"widget\" data-widget_type=\"pesta-head-title.default\">\n\t\t\t\t<div class=\"elementor-widget-container\">\n\t\t\t\t\t<div class=\"head-title head-title-8 clearfix\">\r\n\t<h1 class=\"the-title elementor-inline-editing\" >\r\n\t\tKent Davet Evi\t<\/h1>\r\n\t<\/div>\r\n\t\t\t\t\t\t<\/div>\n\t\t\t\t<\/div>\n\t\t\t\t<\/div>\n\t\t\t\t<\/div>\n\t\t\t\t\t<\/div>\n\t\t\t\t<\/div>\n\t\t<div class=\"elementor-element elementor-element-c4cf8ec e-flex e-con-boxed e-con e-parent\" data-id=\"c4cf8ec\" data-element_type=\"container\">\n\t\t\t\t\t<div class=\"e-con-inner\">\n\t\t<div class=\"elementor-element elementor-element-0deefd2 e-con-full e-flex e-con e-child\" data-id=\"0deefd2\" data-element_type=\"container\">\n\t\t<div class=\"elementor-element elementor-element-782bd36 e-con-full e-flex e-con e-child\" data-id=\"782bd36\" data-element_type=\"container\">\n\t\t<div class=\"elementor-element elementor-element-7d28318 e-con-full e-flex e-con e-child\" data-id=\"7d28318\" data-element_type=\"container\">\n\t\t\t\t<div class=\"elementor-element elementor-element-f62e4fe elementor-widget elementor-widget-pesta-text\" data-id=\"f62e4fe\" data-element_type=\"widget\" data-widget_type=\"pesta-text.default\">\n\t\t\t\t<div class=\"elementor-widget-container\">\n\t\t\t\t\t<div class=\"pesta-text clearfix\">\r\n<p>D\u00fc\u011f\u00fcne Dair Her \u015eey Tek \u00c7at\u0131 Alt\u0131nda!<\/p><\/div>\t\t\t\t<\/div>\n\t\t\t\t<\/div>\n\t\t\t\t<\/div>\n\t\t\t\t<\/div>\n\t\t\t\t<\/div>\n\t\t\t\t\t<\/div>\n\t\t\t\t<\/div>\n\t\t<div class=\"elementor-element elementor-element-937cba3 e-flex e-con-boxed e-con e-parent\" data-id=\"937cba3\" data-element_type=\"container\">\n\t\t\t\t\t<div class=\"e-con-inner\">\n\t\t<div class=\"elementor-element elementor-element-314428a e-con-full e-flex e-con e-child\" data-id=\"314428a\" data-element_type=\"container\">\n\t\t<div class=\"elementor-element elementor-element-8775949 e-con-full e-flex e-con e-child\" data-id=\"8775949\" data-element_type=\"container\">\n\t\t<div class=\"elementor-element elementor-element-f4ae611 e-grid e-con-full e-con e-child\" data-id=\"f4ae611\" data-element_type=\"container\">\n\t\t\t\t<div class=\"elementor-element elementor-element-746a840 elementor-widget elementor-widget-image\" data-id=\"746a840\" data-element_type=\"widget\" data-widget_type=\"image.default\">\n\t\t\t\t\t\t\t\t\t\t\t\t\t\t\t<img fetchpriority=\"high\" decoding=\"async\" width=\"300\" height=\"300\" src=\"https:\/\/xn--dnm-hoaab6v.com\/wp-content\/uploads\/2025\/07\/Adsiz-tasarim-8-300x300.png\" class=\"attachment-medium size-medium wp-image-1147\" alt=\"\" srcset=\"https:\/\/xn--dnm-hoaab6v.com\/wp-content\/uploads\/2025\/07\/Adsiz-tasarim-8-300x300.png 300w, https:\/\/xn--dnm-hoaab6v.com\/wp-content\/uploads\/2025\/07\/Adsiz-tasarim-8-150x150.png 150w, https:\/\/xn--dnm-hoaab6v.com\/wp-content\/uploads\/2025\/07\/Adsiz-tasarim-8-100x100.png 100w, https:\/\/xn--dnm-hoaab6v.com\/wp-content\/uploads\/2025\/07\/Adsiz-tasarim-8-80x80.png 80w, https:\/\/xn--dnm-hoaab6v.com\/wp-content\/uploads\/2025\/07\/Adsiz-tasarim-8-263x263.png 263w, https:\/\/xn--dnm-hoaab6v.com\/wp-content\/uploads\/2025\/07\/Adsiz-tasarim-8.png 500w\" sizes=\"(max-width: 300px) 100vw, 300px\" \/>\t\t\t\t\t\t\t\t\t\t\t\t\t\t\t<\/div>\n\t\t\t\t<div class=\"elementor-element elementor-element-f83564f elementor-widget elementor-widget-heading\" data-id=\"f83564f\" data-element_type=\"widget\" data-widget_type=\"heading.default\">\n\t\t\t\t\t<h2 class=\"elementor-heading-title elementor-size-default\"><p><strong>Kent Davet Evi<\/strong><\/p>\n<p>K\u00fctahya'n\u0131n merkezinde, ye\u015fillikler i\u00e7inde ve otopark sorunu olmayan Kent Park i\u00e7erisinde yer alan i\u015fletmemiz; kafe b\u00f6l\u00fcm\u00fcyle yan yana konumlanm\u0131\u015ft\u0131r.<br>\nKapal\u0131 alan\u0131m\u0131z 120 ki\u015fi kapasiteli olup, giri\u015f aynas\u0131ndan ses sistemine kadar tam donan\u0131ml\u0131 bir konseptle hizmet vermektedir.<br>\nA\u00e7\u0131k alan\u0131m\u0131z olan Kent Bah\u00e7e ise do\u011fayla i\u00e7 i\u00e7e, 400 ki\u015fi kapasitesinde ve sesten-g\u00fcr\u00fclt\u00fcden uzak, huzurlu bir ortam sunar.<br>\nRahat, g\u00fcvenli ve \u015f\u0131k davetleriniz i\u00e7in Kent Davet Evi sizi bekliyor.<\/p>\n<\/h2>\t\t\t\t<\/div>\n\t\t\t\t<\/div>\n\t\t\t\t<\/div>\n\t\t\t\t<\/div>\n\t\t\t\t\t<\/div>\n\t\t\t\t<\/div>\n\t\t<div class=\"elementor-element elementor-element-ba25f86 e-flex e-con-boxed e-con e-parent\" data-id=\"ba25f86\" data-element_type=\"container\">\n\t\t\t\t\t<div class=\"e-con-inner\">\n\t\t<div class=\"elementor-element elementor-element-67f8982 e-con-full e-flex e-con e-child\" data-id=\"67f8982\" data-element_type=\"container\">\n\t\t<div class=\"elementor-element elementor-element-916ca11 e-grid e-con-full e-con e-child\" data-id=\"916ca11\" data-element_type=\"container\">\n\t\t<div class=\"elementor-element elementor-element-0c15d7c e-con-full e-flex e-con e-child\" data-id=\"0c15d7c\" data-element_type=\"container\">\n\t\t\t\t<div class=\"elementor-element elementor-element-953c6c1 elementor-widget elementor-widget-google_maps\" data-id=\"953c6c1\" data-element_type=\"widget\" data-widget_type=\"google_maps.default\">\n\t\t\t\t\t\t\t<div class=\"elementor-custom-embed\">\n\t\t\t<iframe loading=\"lazy\"\n\t\t\t\t\tsrc=\"https:\/\/maps.google.com\/maps?q=Fuatpa%C5%9Fa%20Mahallesi%20Sak%C4%B1p%20Sabanc%C4%B1%20Caddesi%2C%20Kentpark%20kafeterya%2C%20K%C3%BCtahya%20Tav%C5%9Fanl%C4%B1%20Yolu%20%C3%BCzeri%20numara%201%2C%20Merkez%2FK%C3%BCtahya&#038;t=m&#038;z=8&#038;output=embed&#038;iwloc=near\"\n\t\t\t\t\ttitle=\"Fuatpa\u015fa Mahallesi Sak\u0131p Sabanc\u0131 Caddesi, Kentpark kafeterya, K\u00fctahya Tav\u015fanl\u0131 Yolu \u00fczeri numara 1, Merkez\/K\u00fctahya\"\n\t\t\t\t\taria-label=\"Fuatpa\u015fa Mahallesi Sak\u0131p Sabanc\u0131 Caddesi, Kentpark kafeterya, K\u00fctahya Tav\u015fanl\u0131 Yolu \u00fczeri numara 1, Merkez\/K\u00fctahya\"\n\t\t\t><\/iframe>\n\t\t<\/div>\n\t\t\t\t\t\t<\/div>\n\t\t\t\t<\/div>\n\t\t<div class=\"elementor-element elementor-element-f49354d e-con-full e-flex e-con e-child\" data-id=\"f49354d\" data-element_type=\"container\">\n\t\t\t\t<div class=\"elementor-element elementor-element-6dc2544 the-title-center elementor-widget elementor-widget-pesta-head-title\" data-id=\"6dc2544\" data-element_type=\"widget\" data-widget_type=\"pesta-head-title.default\">\n\t\t\t\t<div class=\"elementor-widget-container\">\n\t\t\t\t\t<div class=\"head-title head-title-2 clearfix\">\r\n\t<h2 class=\"the-title elementor-inline-editing\" >\r\n\t\t\t\t\u0130leti\u015fim Bilgileri\t<\/h2>\r\n<\/div>\r\n\t\t\t\t\t\t<\/div>\n\t\t\t\t<\/div>\n\t\t\t\t<div class=\"elementor-element elementor-element-8128022 elementor-widget elementor-widget-pesta-text\" data-id=\"8128022\" data-element_type=\"widget\" data-widget_type=\"pesta-text.default\">\n\t\t\t\t<div class=\"elementor-widget-container\">\n\t\t\t\t\t<div class=\"pesta-text clearfix\">\r\n<h4>Hayallerinle ileti\u015fime ge\u00e7meye haz\u0131r m\u0131s\u0131n?<\/h4><\/div>\t\t\t\t<\/div>\n\t\t\t\t<\/div>\n\t\t\t\t<div class=\"elementor-element elementor-element-ea78100 elementor-vertical-align-top elementor-widget elementor-widget-image-box\" data-id=\"ea78100\" data-element_type=\"widget\" data-widget_type=\"image-box.default\">\n\t\t\t\t\t<div class=\"elementor-image-box-wrapper\"><div class=\"elementor-image-box-content\"><h3 class=\"elementor-image-box-title\"><a href=\"\">Telefon:<\/a><\/h3><p class=\"elementor-image-box-description\">+90 531 719 43 41\n<\/p><\/div><\/div>\t\t\t\t<\/div>\n\t\t\t\t<div class=\"elementor-element elementor-element-5aef986 elementor-vertical-align-top elementor-widget elementor-widget-image-box\" data-id=\"5aef986\" data-element_type=\"widget\" data-widget_type=\"image-box.default\">\n\t\t\t\t\t<div class=\"elementor-image-box-wrapper\"><div class=\"elementor-image-box-content\"><h3 class=\"elementor-image-box-title\"><a href=\"https:\/\/www.instagram.com\/kent.davet.evi\/\" target=\"_blank\">Sosyal Medya:<\/a><\/h3><p class=\"elementor-image-box-description\">kent.davet.evi<\/p><\/div><\/div>\t\t\t\t<\/div>\n\t\t\t\t<div class=\"elementor-element elementor-element-bdc4601 elementor-vertical-align-top elementor-widget elementor-widget-image-box\" data-id=\"bdc4601\" data-element_type=\"widget\" data-widget_type=\"image-box.default\">\n\t\t\t\t\t<div class=\"elementor-image-box-wrapper\"><div class=\"elementor-image-box-content\"><h3 class=\"elementor-image-box-title\"><a href=\"\">Adres:<\/a><\/h3><p class=\"elementor-image-box-description\">Fuatpa\u015fa Mahallesi Sak\u0131p Sabanc\u0131 Caddesi, Kentpark kafeterya, K\u00fctahya Tav\u015fanl\u0131 Yolu \u00fczeri numara 1, Merkez\/K\u00fctahya<\/p><\/div><\/div>\t\t\t\t<\/div>\n\t\t\t\t<\/div>\n\t\t\t\t<\/div>\n\t\t\t\t<\/div>\n\t\t\t\t\t<\/div>\n\t\t\t\t<\/div>\n\t\t<div class=\"elementor-element elementor-element-9c134b3 e-flex e-con-boxed e-con e-parent\" data-id=\"9c134b3\" data-element_type=\"container\">\n\t\t\t\t\t<div class=\"e-con-inner\">\n\t\t\t\t<div class=\"elementor-element elementor-element-377e650 elementor-widget elementor-widget-image-gallery\" data-id=\"377e650\" data-element_type=\"widget\" data-widget_type=\"image-gallery.default\">\n\t\t\t\t\t\t\t<div class=\"elementor-image-gallery\">\n\t\t\t<div id='gallery-1' class='gallery galleryid-1141 gallery-columns-2 gallery-size-full'><figure class='gallery-item'>\n\t\t\t<div class='gallery-icon portrait'>\n\t\t\t\t<a data-elementor-open-lightbox=\"yes\" data-elementor-lightbox-slideshow=\"377e650\" data-elementor-lightbox-title=\"2024-11-27 (1)\" data-e-action-hash=\"#elementor-action%3Aaction%3Dlightbox%26settings%3DeyJpZCI6MTE0NCwidXJsIjoiaHR0cHM6XC9cL3huLS1kbm0taG9hYWI2di5jb21cL3dwLWNvbnRlbnRcL3VwbG9hZHNcLzIwMjVcLzA3XC8yMDI0LTExLTI3LTEud2VicCIsInNsaWRlc2hvdyI6IjM3N2U2NTAifQ%3D%3D\" href='https:\/\/xn--dnm-hoaab6v.com\/wp-content\/uploads\/2025\/07\/2024-11-27-1.webp'><img decoding=\"async\" width=\"768\" height=\"1020\" src=\"https:\/\/xn--dnm-hoaab6v.com\/wp-content\/uploads\/2025\/07\/2024-11-27-1.webp\" class=\"attachment-full size-full\" alt=\"\" srcset=\"https:\/\/xn--dnm-hoaab6v.com\/wp-content\/uploads\/2025\/07\/2024-11-27-1.webp 768w, https:\/\/xn--dnm-hoaab6v.com\/wp-content\/uploads\/2025\/07\/2024-11-27-1-226x300.webp 226w\" sizes=\"(max-width: 768px) 100vw, 768px\" \/><\/a>\n\t\t\t<\/div><\/figure><figure class='gallery-item'>\n\t\t\t<div class='gallery-icon portrait'>\n\t\t\t\t<a data-elementor-open-lightbox=\"yes\" data-elementor-lightbox-slideshow=\"377e650\" data-elementor-lightbox-title=\"unnamed\" data-e-action-hash=\"#elementor-action%3Aaction%3Dlightbox%26settings%3DeyJpZCI6MTE0NiwidXJsIjoiaHR0cHM6XC9cL3huLS1kbm0taG9hYWI2di5jb21cL3dwLWNvbnRlbnRcL3VwbG9hZHNcLzIwMjVcLzA3XC91bm5hbWVkLndlYnAiLCJzbGlkZXNob3ciOiIzNzdlNjUwIn0%3D\" href='https:\/\/xn--dnm-hoaab6v.com\/wp-content\/uploads\/2025\/07\/unnamed.webp'><img decoding=\"async\" width=\"768\" height=\"1020\" src=\"https:\/\/xn--dnm-hoaab6v.com\/wp-content\/uploads\/2025\/07\/unnamed.webp\" class=\"attachment-full size-full\" alt=\"\" srcset=\"https:\/\/xn--dnm-hoaab6v.com\/wp-content\/uploads\/2025\/07\/unnamed.webp 768w, https:\/\/xn--dnm-hoaab6v.com\/wp-content\/uploads\/2025\/07\/unnamed-226x300.webp 226w\" sizes=\"(max-width: 768px) 100vw, 768px\" \/><\/a>\n\t\t\t<\/div><\/figure>\n\t\t<\/div>\n\t\t<\/div>\n\t\t\t\t\t\t<\/div>\n\t\t\t\t\t<\/div>\n\t\t\t\t<\/div>\n\t\t\t\t<\/div>\n\t\t","protected":false},"excerpt":{"rendered":"<p>Kent Davet Evi K\u00fctahya&#8217;n\u0131n merkezinde, ye\u015fillikler i\u00e7inde ve otopark sorunu olmayan Kent Park i\u00e7erisinde yer alan i\u015fletmemiz; kafe b\u00f6l\u00fcm\u00fcyle yan&#8230;<\/p>\n","protected":false},"author":1,"featured_media":0,"parent":0,"menu_order":0,"comment_status":"closed","ping_status":"closed","template":"template\/page-builder-template.php","meta":{"footnotes":""},"class_list":["post-1141","page","type-page","status-publish","hentry","blog-item no-thumb clearfix"],"acf":[],"_links":{"self":[{"href":"https:\/\/xn--dnm-hoaab6v.com\/index.php\/wp-json\/wp\/v2\/pages\/1141","targetHints":{"allow":["GET"]}}],"collection":[{"href":"https:\/\/xn--dnm-hoaab6v.com\/index.php\/wp-json\/wp\/v2\/pages"}],"about":[{"href":"https:\/\/xn--dnm-hoaab6v.com\/index.php\/wp-json\/wp\/v2\/types\/page"}],"author":[{"embeddable":true,"href":"https:\/\/xn--dnm-hoaab6v.com\/index.php\/wp-json\/wp\/v2\/users\/1"}],"replies":[{"embeddable":true,"href":"https:\/\/xn--dnm-hoaab6v.com\/index.php\/wp-json\/wp\/v2\/comments?post=1141"}],"version-history":[{"count":4,"href":"https:\/\/xn--dnm-hoaab6v.com\/index.php\/wp-json\/wp\/v2\/pages\/1141\/revisions"}],"predecessor-version":[{"id":1150,"href":"https:\/\/xn--dnm-hoaab6v.com\/index.php\/wp-json\/wp\/v2\/pages\/1141\/revisions\/1150"}],"wp:attachment":[{"href":"https:\/\/xn--dnm-hoaab6v.com\/index.php\/wp-json\/wp\/v2\/media?parent=1141"}],"curies":[{"name":"wp","href":"https:\/\/api.w.org\/{rel}","templated":true}]}}